Let d(h) = -4*h**2 + z*h**2 - h + 6 + 0*h. Calculate d(0).
6
Let w(q) = -2*q**2 + 14*q - 6. Suppose -4 = 5*x + 3*i - 34, 3*x = 3*i + 18. Give w(x).
6
Let v(p) = -p - 18. Let d = 1539 - 1548. Calculate v(d).
-9
Let l be 25/(-5) + (-5)/(-1). Suppose 6*z - 20*z + 42 = l. Let w(g) = g**3 - 3*g**2 - 2*g + 4. Calculate w(z).
-2
Let t = -31 - -34. Let a(q) = 3*q - t*q + 5*q. Calculate a(2).
10
Let q be 5/2*(12 - 10). Let l(o) = 4 - o**2 + 3*o + 2 - 2. Determine l(q).
-6
Let u(m) = -3*m + 15. Let y(b) = -11 - 35 - 39*b + 47*b. Let x(w) = 11*u(w) + 4*y(w). Calculate x(0).
-19
Let f(z) = z**2 - 9*z + 14. Let u be f(8). Let v(d) = -1 + 2*d - 3*d**2 + u*d**2 + 4*d**2 - 2*d**2. Give v(1).
6
Let u(v) = -2*v**2 + v + 1. Suppose 7 = -4*a + 15. What is u(a)?
-5
Let b(z) be the second derivative of -z**5/20 + 7*z**4/12 - 7*z**3/6 + 3*z**2 + z + 37. Calculate b(6).
0
Let t be 41/(-6) + 45/(-270). Let d(i) = i**3 + 6*i**2 - 4*i - 2. Give d(t).
-23
Suppose 4*y - 130 = -134. Let k(w) = -7*w**2 + 3*w + 1. Let c(n) = n**2 - n. Suppose 4*x + 18 = f, x - 9 = 2*f + 2*x. Let z(j) = f*c(j) - k(j). Give z(y).
5
Let u(p) be the second derivative of -7*p**3/6 + p**2/2 - p. Suppose -5*l - 115 = 5*q - 110, -9 = -q + 4*l. Determine u(q).
-6
Let t(f) = f**3 - 8*f**2 - 17*f - 24. Let k(z) = -z**2 - 30*z + 685. Let u be k(-45). Calculate t(u).
6
Let d = -38 - -43. Let x(h) = -3*h**3 + d*h**3 - h - h**3 + 2*h + 4. What is x(0)?
4
Suppose 9 = -3*t + 3*c, -30*c = t - 26*c + 18. Let u(f) = f**3 + 6*f**2 - 3*f - 5. Give u(t).
13
Let x(i) = 1 - 8*i**2 - 8*i**2 + i + 20*i**2 - 5*i - 5*i**2. Determine x(-3).
4
Let z(u) = 28*u + 14. Let f(s) = 13*s + 7. Let m(g) = 13*f(g) - 6*z(g). Give m(-4).
3
Let h(i) = 2*i + 0 + 1 + 1. Let g(t) = -4*t - 5. Let l be g(0). What is h(l)?
-8
Let g(x) = -x + 5. Let m be 4 + 6/4 + (-9)/(-6). Determine g(m).
-2
Let z(j) be the first derivative of j**3/3 + 3*j**2/2 - 5*j - 419. Suppose 2*x = 5*i - 15, x + 2*i + 1 = -2. Calculate z(x).
5
Let d be (-162)/(-9) - (0 - 0). Suppose -4*k - d = 6. Let t(z) be the third derivative of -z**5/60 - z**4/6 + 4*z**3/3 + 4*z**2. Give t(k).
-4
Let n be 2*-6*3/(-12). Let g(c) = 9 - 20 - 10*c**n + 12. Let b(r) = -r**3 - 4*r**2 - r - 3. Let h be b(-4). What is g(h)?
-9
Let j(c) be the third derivative of -c**5/60 - 7*c**4/12 - c**3/2 - 55*c**2. Determine j(-14).
-3
Let h(w) = -3*w**3 + 2*w - 1. Let d be (3 - (-45)/(-6))*10/5. Let t(l) = -l**3 - 8*l**2 + 9*l + 1. Let o be t(d). What is h(o)?
-2
Let n(h) = -h**2 - 5*h + 3. Let b(i) = 27*i - 942. Let z be b(35). Give n(z).
-21
Let d(g) be the second derivative of -g**4/4 + g**2/2 + 2*g. Let n = 321 + -320. Give d(n).
-2
Let t(j) be the first derivative of -j**4/4 + 7*j**3/3 - 7*j**2/2 + 5*j + 147. What is t(7)?
-44
Suppose 0*k + 3*k = 4*k. Suppose 0 = q + 3*h + 4, 2*q - 2*h - 12 = -4. Let c(i) = 6*i + 2 - i**q + 2*i - 4 + k*i. Determine c(8).
-2
Let c(i) be the second derivative of i**6/720 - i**5/24 - i**4/6 + 3*i**2 - i - 27. Let l(z) be the third derivative of c(z). Calculate l(11).
6
Suppose -h + 0*h = -2. Let p(n) = 2 - 2*n**2 + n - n**h + 2*n**2. Suppose -2*f - 4 = -2*b, 2*b + 99*f = 103*f. What is p(b)?
-10
Let h(t) = -2*t + 3. Suppose -4*d + 10 = -b, 0*d - 13 = -2*b - 3*d. Let x = 0 + b. Determine h(x).
-1
Suppose -2*y - 2 = 2*o, o - 2*y + 0 - 5 = 0. Let z(q) = 1 + 11*q**2 + 3 - 3 - 1286*q + 1285*q. Determine z(o).
11
Let p be (1 - 0)/((-1)/2) - -2. Let k(a) = -2 + p - 11*a**2 - 2 + 7*a**2 + a**3. What is k(4)?
-4
Let u(j) = -j + 9. Suppose 0*c - 2*c - 2 = 0. Let x(w) = -w**3 - 2*w**2 + 1. Let n be x(c). Give u(n).
9
Let o = 711 - 710. Let x(n) = -n**3 + 2*n - 1. Give x(o).
0
Let r(h) = 4*h - 7. Let o = -1434 + 1434. Give r(o).
-7
Let t be 2/4 + 15/6. Let x be (t - 7 - 12)/(-1). Let f(z) = z**3 - 16*z**2 - z + 11. Let n be f(x). Let c(j) = -j**3 - 5*j**2 - j - 6. What is c(n)?
-1
Let z(n) = 2*n - 3. Let q(p) = -4*p + 5. Let w(i) = -3*q(i) - 5*z(i). Suppose -2*v + 5*x - 7 = -0, 4*x = -2*v + 2. Let j = 0 - v. What is w(j)?
2
Let c(w) = -5*w**3 + 4*w**2 + 7*w - 14. Let r(f) = -3*f**3 + 2*f**2 + 4*f - 9. Let a(g) = 5*c(g) - 8*r(g). Calculate a(4).
14
Let i(o) = -o + 5*o + 0*o + 6 + 8*o - 4*o. Determine i(-4).
-26
Suppose 0 = 5*c + 3*h - 30, 3*c + h - 1 = 17. Let z(y) = -y**2 + 7*y - 2. Let i be z(c). Let t(o) = o**3 - 2*o**2 - 6*o + 5. What is t(i)?
13
Let r(u) = 2*u + 1 + 2*u**2 + 0*u**2 + 6 + 7*u**3 - 6*u**3 - 5. Determine r(-2).
-2
Let q(n) be the second derivative of -5*n**3/6 + 29*n**2/2 - 2*n + 76. Give q(4).
9
Let g(s) = s**2 + 4*s. Let x(u) = 6*u**2 + 19*u. Let m(v) = -11*g(v) + 2*x(v). Calculate m(4).
-8
Suppose -5*m + 16 = 3*k, k + 2 = 2*k. Suppose 4*q + 6 = 4*p - m, -5*q = -2*p + 10. Let i(b) = -b - 4. What is i(p)?
-4
Let f(i) be the first derivative of i**4/4 - 2*i**3/3 - 3*i**2/2 - 2*i + 149. Let b be (-36)/(-10) + (-6)/10. Calculate f(b).
-2
Let t(f) be the second derivative of -f**5/60 + 5*f**4/24 + 3*f**3/2 + 6*f**2 + 14*f. Let w(m) be the first derivative of t(m). Determine w(7).
-5
Let n be ((-7)/(-2))/(1/(-2)). Let p(g) be the first derivative of 1/4*g**4 - 18 + 8/3*g**3 + 3*g**2 - 6*g. Determine p(n).
1
Let x(c) = 2*c + 1. Let s(h) be the second derivative of -h**3/2 - 7*h. Let l be s(1). Give x(l).
-5
Let c(o) = -o**2 + 8*o - 5. Let b be 72/10 - 12/10. Determine c(b).
7
Let m(s) be the first derivative of s**3/3 - 9*s**2/2 + 3*s + 427. What is m(7)?
-11
Let x = -82 - -84. Let m(l) = -2 - 18*l**3 - 3*l**2 + 8*l**3 + 11*l**3 + x*l. Determine m(2).
-2
Let t = 32 - 27. Let b(d) = -2*d - 2. Let q(r) = r + 1. Let n(m) = 2*b(m) + 3*q(m). Let o(f) = 10*f + 6. Let g(u) = 8*n(u) + o(u). What is g(t)?
8
Let j = -210 - -199. Let i(k) = -7*k**3 - 10*k**2 + 11*k + 5. Let s(v) = -6*v**3 - 10*v**2 + 11*v + 4. Let y(f) = -5*i(f) + 6*s(f). Give y(j).
-1
Let f(r) = 4*r**3 - r**2 + 1. Let y(p) = p + 28. Let c be y(-21). Let i = 8 - c. What is f(i)?
4
Let k(j) be the second derivative of j**4/12 - j**2 - 13*j. Let l be 18*3*(-2)/(-9). Suppose 3 - l = 3*i. What is k(i)?
7
Let m = 70 - 74. Let i(z) = -2 + 4 - 2 - z - 4. What is i(m)?
0
Let n(s) be the first derivative of -s**3/3 - s**2/2 + 18*s - 49. What is n(0)?
18
Let f(x) = x**3 - x**2 - x + 1. Suppose -3*m - 8 = -2*m - 4*a, -m + 2*a - 4 = 0. Determine f(m).
1
Suppose -o - 3*o + 12 = 0. Let b(p) = 19 + 9*p + 2*p - 8*p. Let l(d) = 2*d + 13. Let j(x) = 5*b(x) - 7*l(x). Give j(o).
7
Let f = -42 + 46. Let z(k) = k**3 - 6*k - 16 + 21 + 0*k**3 - f*k**2 + 9*k**2. Calculate z(-6).
5
Let s(q) be the third derivative of 5*q**4/24 - 6*q**2 + 5*q. Calculate s(-3).
-15
Let a be (-2)/2*2*25/5. Let q(h) = h**2 + 11*h + 8. Determine q(a).
-2
Let r(q) = 6*q - 2. Let n be 3/3 - (-5 + 5). Give r(n).
4
Let d(u) = 3*u**2 - 2*u + 1. Let p be 1 - (2 + -3*(-8)/(-12)). Calculate d(p).
2
Let t be (30/25 + -3)/((-9)/(-45)). Let q(d) = -2*d**2 - 10*d + 9. Give q(t).
-63
Let c(j) be the third derivative of -j**6/24 - j**5/60 - j**4/12 - j**3/6 - 16*j**2. Let a(k) = k**3 - k**2 - k. Let b = 0 + -1. Let m be a(b). Calculate c(m).
5
Suppose 56*r - 51*r - 10 = 0. Suppose -i + 3 = -0*i. Let m(j) = j**2 - 2 - r + 4*j**i + 3. Give m(1).
4
Let n = 1247 + -1241. Let u(i) be the second derivative of -i**3/6 + 3*i**2/2 - 2*i. What is u(n)?
-3
Let s(p) = 16*p - 5*p**2 + 16*p - 2 + 3*p**2 + p**2 - 33*p. Give s(-6).
-32
Suppose -23 = 5*u - 33. Suppose -3*m + 2*f = 1 + 5, -4*f = -3*m - 12. Let z(v) = m - 5*v + v - u*v + 3. Give z(3).
-15
Let a be 1 - ((-20)/70 - 4/(-14)). Let h(d) = -d + 10*d**3 - 1 + 3 - 1 - d**2. Give h(a).
9
Let w = 12 + -10. Let j be (0 + 3/w)*2. Let k(t) = -7*t + 5*t - 4 + j*t. Give k(6).
2
Let w(d) = -2*d + 9*d**2 + d - 5*d**2 - 27*d**2. Give w(-1).
-22
Let u(y) be the second derivative of y**5/20 + y**4/6 + 5*y**3/6 + 2*y**2 + y - 2. Calculate u(-3).
-20
Let n(i) = i - 3. Let r(y) = -22*y + 23. Let m(w) = -24*n(w) - 3*r(w). Calculate m(-2).
-81
Let w(c) = 7*c**2 - 9. Let l(d) = -8*d**2 + d + 10. Let u(r) = -5*l(r) - 6*w(r). Let o be -3 + 0 + (0 - 1). Calculate u(o).
-8
Let r(b) be the first derivative of -b**5/60 + b**4/8 - b**3/6 + 3*b**2 - 16. Let v(n) be the second derivative of r(n). Calculate v(5).
-11
Let f(b) be the first derivative of -3*b**2/2 + 3*b + 60. Calculate f(-3).
12
Let n(x) be the third derivative of x**6/180 - x**5/24 - 